0123 - -13132?
3003
In base 14, what is 80 - -876?
916
In base 6, what is -2344 + -2?
-2350
In base 10, what is -2 - -9049?
9047
In base 5, what is -13011200 + -10?
-13011210
In base 8, what is -147 - 13611?
-13760
In base 6, what is 15 + -11450?
-11431
In base 14, what is -29327 - 14?
-2933b
In base 10, what is -5 - 10432?
-10437
In base 4, what is 1 - -2331221?
2331222
In base 14, what is -59d38b + 4?
-59d387
In base 2, what is 10001001 - -10111110110?
11001111111
In base 15, what is 225cb3 + -4?
225cae
In base 16, what is -4 - 164?
-168
In base 2, what is -1010110001 + 1000010?
-1001101111
In base 9, what is -26041 + -35?
-26076
In base 4, what is -311210 - -11100?
-300110
In base 10, what is 5 - -12568?
12573
In base 4, what is 21 - 1030122?
-1030101
In base 2, what is -10 - 11101001101011110?
-11101001101100000
In base 8, what is 3064554 + -2?
3064552
In base 7, what is 3123220 + -5?
3123212
In base 3, what is -11110020 - -20?
-11110000
In base 3, what is -11101100200 + -2?
-11101100202
In base 3, what is -1221200010210 + -10?
-1221200010220
In base 12, what is -3b380 + -2?
-3b382
In base 8, what is -106 - -207155?
207047
In base 10, what is 2487 - -42?
2529
In base 5, what is 0 - -43431?
43431
In base 13, what is 3bc6 + 472?
4368
In base 12, what is -1 - -25b96?
25b95
In base 8, what is 163 - -202?
365
In base 14, what is 228d + 71?
2320
In base 12, what is 3 + 7839?
7840
In base 3, what is 112101 - 10012220?
-2200112
In base 2, what is 100010111 + 11011001101?
11111100100
In base 15, what is 0 - 17ddd?
-17ddd
In base 12, what is 55 + -66?
-11
In base 13, what is -7 + 1032?
1028
In base 3, what is -210122 - 102002?
-1012201
In base 9, what is -1652 + -862?
-2624
In base 7, what is 5 - 1244454?
-1244446
In base 6, what is 30140313 - -2?
30140315
In base 5, what is -2132233 - 4?
-2132242
In base 3, what is -10220 + 1021212?
1010222
In base 7, what is 246 + 6335?
6614
In base 12, what is -147a09 + -2?
-147a0b
In base 15, what is -21d0 + -7?
-21d7
In base 7, what is 2251 + -352?
1566
In base 6, what is -4 + 42530?
42522
In base 9, what is -1 + -4250?
-4251
In base 3, what is -11102102200 + -11?
-11102102211
In base 12, what is -15860 - -23?
-15839
In base 4, what is 11 + -3030320?
-3030303
In base 11, what is -568 + 148?
-420
In base 11, what is 6912 - -28?
693a
In base 11, what is -37 + -485?
-511
In base 16, what is -1a + 29f?
285
In base 8, what is -245153 - 1?
-245154
In base 10, what is 9 - 886?
-877
In base 13, what is -148 + b?
-13a
In base 11, what is 211aa10 + -5?
211aa06
In base 2, what is 101 + 1001000001010011?
1001000001011000
In base 6, what is -44420 - -13?
-44403
In base 8, what is 31402 + -4?
31376
In base 14, what is 18d - -7?
196
In base 7, what is 10425 + -53?
10342
In base 10, what is -13137 + 4?
-13133
In base 11, what is 94554 + 5?
94559
In base 8, what is -15662 - -351?
-15311
In base 8, what is 1232 + -26?
1204
In base 5, what is -1440400 - -4?
-1440341
In base 5, what is 2130440 + 0?
2130440
In base 6, what is 4 + 301012?
301020
In base 16, what is 0 + -19583?
-19583
In base 14, what is 1 - 223d?
-223c
In base 16, what is 31dc - -79?
3255
In base 6, what is 0 + -2545041?
-2545041
In base 7, what is -4642 + 314?
-4325
In base 5, what is -21 - 1334000?
-1334021
In base 14, what is 3 + 2618?
261b
In base 2, what is -11000 + 111110100?
111011100
In base 8, what is 1053 + -1443?
-370
In base 2, what is 11110010111 + 1001000?
11111011111
In base 15, what is db - 1089?
-e9d
In base 8, what is 312 + 20766?
21300
In base 15, what is 6 - 76696?
-76690
In base 2, what is 101 - 100000011101010101?
-100000011101010000
In base 16, what is 1250 + -3?
124d
In base 6, what is 10203150 + 12?
10203202
In base 4, what is -11 - 10233132?
-10233203
In base 6, what is -4 - 24033410?
-24033414
In base 8, what is -22404 - -40?
-22344
In base 6, what is -35315 + -3553?
-43312
In base 13, what is 42a + -15c?
29b
In base 9, what is -100 - -12460?
12360
In base 10, what is -2 + 127777?
127775
In base 4, what is -11 + -2110230?
-2110301
In base 14, what is d0 + -83?
4b
In base 16, what is -6 - 324da?
-324e0
In base 15, what is -158 - 9b1?
-b19
In base 14, what is -24 + -3cd?
-413
In base 16, what is -3be20 + -8?
-3be28
In base 10, what is -68 - 52175?
-52243
In base 7, what is 1 - -5304442?
5304443
In base 12, what is -2 - -9b48?
9b46
In base 10, what is -36003 - -29?
-35974
In base 6, what is 234 - 40213?
-35535
In base 7, what is 1325165 - -5?
1325203
In base 14, what is bd + -127?
-48
In base 6, what is -543400 + -2?
-543402
In base 12, what is -80b2 - -1a?
-8094
In base 5, what is 124413430 + 2?
124413432
In base 15, what is -e0c1 + 17?
-e0a9
In base 5, what is -1000141 - -24?
-1000112
In base 7, what is -4624 - 1203?
-6130
In base 5, what is 30403433 + -1?
30403432
In base 9, what is -385 + -511?
-1006
In base 13, what is -a134 + 1?
-a133
In base 5, what is 240 - -23310?
24100
In base 5, what is -124341240 + 4?
-124341231
In base 11, what is 340 - -105?
445
In base 6, what is 4 + -4324335?
-4324331
In base 8, what is -272766 + 5?
-272761
In base 4, what is 1 + -120102121?
-120102120
In base 8, what is 147 + -120?
27
In base 3, what is -10221 + -12010212?
-12021210
In base 9, what is -615812 - -4?
-615807
In base 13, what is 4 - -1155a3?
1155a7
In base 3, what is -1012102220 - 2120?
-1012112110
In base 13, what is -17 - c054?
-c06b
In base 11, what is 7025 - 11?
7014
In base 9, what is -5 - 301642?
-301647
In base 6, what is -53353 + 44?
-53305
In base 2, what is -10 - 1001000000010110111?
-1001000000010111001
In base 10, what is 5 + -2199?
-2194
In base 9, what is 12 - 12?
0
In base 8, what is -22 - -261156?
261134
In base 12, what is 5 - 102a4?
-1029b
In base 9, what is -4278 + -1?
-4280
In base 6, what is 20240 - 4501?
11335
In base 13, what is 2 + -60a61?
-60a5c
In base 5, what is 1 + -204113?
-204112
In base 13, what is -171 - 8b?
-22c
In base 13, what is 239 - 2a2?
-66
In base 7, what is -2613 - 3?
-2616
In base 3, what is -12020 - -200212?
111122
In base 3, what is 21110020122 + -120?
21110020002
In base 8, what is 34 + 51503?
51537
In base 12, what is -34556 + 6?
-34550
In base 13, what is -c6 - -27?
-9c
In base 3, what is 222110 + 2202202?
10202012
In base 14, what is -b - 16b29?
-16b36
In base 2, what is -11010110010110001 + -101?
-11010110010110110
In base 5, what is -4434 + -40?
-10024
In base 13, what is -154 + -9a?
-221
In base 3, what is -11 + 11020212?
11020201
In base 10, what is -37 - -327?
290
In base 9, what is -185 - 26?
-222
In base 11, what is 1 + 48700?
48701
In base 15, what is -4 + a9440?
a943b
In base 11, what is -3 - -256840?
256838
In base 11, what is 23424 + 1?
23425
In base 12, what is -27 - 11a0?
-1207
In base 2, what is 11011 - -101000001110?
101000101001
In base 12, what is 52019 + -5?
52014
In base 7, what is 1452 + -142?
1310
In base 12, what is -821062 + -5?
-821067
In base 10, what is 5290 - 31?
5259
In base 5, what is 420 - -22002?
22422
In base 14, what is 7 - -a87d?
a886
In base 13, what is 17115 - -3?
17118
In base 11, what is -3 - -6a701?
6a6a9
In base 3, what is 10 - -1121220201?
1121220211
In base 13, what is -7 - -5c80a?
5c803
In base 6, what is -44253 + -3?
-44300
In base 15, what is 619 - 88?
581
In base 4, what is 10 - -3130321?
3130331
In base 14, what is 5ac + -351?
25b
In base 2, what is 110110001011000001 - -101?
110110001011000110
In base 14, what is -11 + -10b7?
-10c8
In base 6, what is -230 + 121502?
121232
In base 15, what is e25 + -6c?
da8
In base 3, what is 1000120 + 11001?
1011121
In base 11, what is 2224a0 - 9?
222492
In base 5, what is -2041110 + -3?
-2041113
In base 8, what is -2607 + 376?
-2211
In base 16, what is -1939 - -f?
-192a
In base 5, what is -124022 - -4?
-124013
In base 14, what is -3 + 3092b?
30928
In base 15, what is -4 - -1536?
1532
In base 13, what is 2 - -cc1a?
cc1c
In base 16, what is -807 + b8?
-74f
In base 7, what is 0 - -142201?
142201
In base 7, what is -20 - -552?
532
In base 6, what is -31 + -4105?
-4140
In base 7, what is -1326 - -135?
-1161
In base 6, what is 5 + 333000?
333005
In base 7, what is -533113 + 3?
-533110
In base 12, what is -1 - 3911?
-3912
In base 11, what is -16100 + 27?
-16084
In base 13, what is 34 + -83a5?
-8371
In base 13, what is 